{"id":2653,"date":"2025-01-15T16:52:35","date_gmt":"2025-01-15T15:52:35","guid":{"rendered":"https:\/\/ws-staging.prolifeeurope.org\/riscos-do-aborto\/"},"modified":"2025-03-26T16:46:46","modified_gmt":"2025-03-26T15:46:46","slug":"riscos-do-aborto","status":"publish","type":"page","link":"https:\/\/prolifeeurope.org\/pt-pt\/informa-te\/riscos-do-aborto\/","title":{"rendered":"Riscos do aborto"},"content":{"rendered":"\n<p>Dependendo do m\u00e9todo de aborto utilizado, existem diferentes potenciais riscos para a sa\u00fade da m\u00e3e:<\/p>\n\n<ul class=\"wp-block-list\">\n<li>Sangramento intenso; em casos graves, hemorragia<\/li>\n\n\n\n<li>Sepsia, se o aborto foi incompleto<\/li>\n\n\n\n<li>Les\u00e3o do colo do \u00fatero, podendo levar a um aborto espont\u00e2neo em futura gravidez<\/li>\n\n\n\n<li>Les\u00e3o do \u00fatero, podendo levar a um aborto espont\u00e2neo em futura gravidez<\/li>\n\n\n\n<li>Rutura do \u00fatero, levando a uma hemorragia interna <\/li>\n<\/ul>\n\n<p>Foram realizados diversos estudos sobre a correla\u00e7\u00e3o entre o aborto e o risco de cancro da mama. O risco relativo de cancro da mama em mulheres ap\u00f3s um aborto j\u00e1 \u00e9 ligeiramente mais alto do que em mulheres que nunca realizaram um aborto, aumentando com cada subsequente aborto. <\/p>\n\n<p class=\"has-small-font-size\">* <a href=\"https:\/\/onlinelibrary.wiley.com\/doi\/abs\/10.1002\/ijc.22001\" target=\"_blank\" rel=\"noreferrer noopener\">https:\/\/onlinelibrary.wiley.com\/doi\/abs\/10.1002\/ijc.22001<\/a><\/p>\n","protected":false},"excerpt":{"rendered":"<p>Dependendo do m\u00e9todo de aborto utilizado, existem diferentes potenciais riscos para a sa\u00fade da m\u00e3e: Foram realizados diversos estudos sobre a correla\u00e7\u00e3o entre o aborto e o risco de cancro<a href=\"https:\/\/prolifeeurope.org\/pt-pt\/informa-te\/riscos-do-aborto\/\">Continue reading <span class=\"sr-only\">&#8220;Riscos do aborto&#8221;<\/span><\/a><\/p>\n","protected":false},"author":14,"featured_media":0,"parent":2808,"menu_order":0,"comment_status":"closed","ping_status":"closed","template":"page-topic.php","meta":{"_acf_changed":false,"_monsterinsights_skip_tracking":false,"_monsterinsights_sitenote_active":false,"_monsterinsights_sitenote_note":"","_monsterinsights_sitenote_category":0,"footnotes":""},"topic":[],"class_list":["post-2653","page","type-page","status-publish","hentry"],"acf":[],"yoast_head":"<!-- This site is optimized with the Yoast SEO plugin v27.2 - https:\/\/yoast.com\/product\/yoast-seo-wordpress\/ -->\n<title>Riscos do aborto - ProLife Europe<\/title>\n<meta name=\"description\" content=\"Dependendo do procedimento de aborto utilizado, existem v\u00e1rios potenciais riscos para a sa\u00fade da m\u00e3e.\" \/>\n<meta name=\"robots\" content=\"index, follow, max-snippet:-1, max-image-preview:large, max-video-preview:-1\" \/>\n<link rel=\"canonical\" href=\"https:\/\/prolifeeurope.org\/pt-pt\/informa-te\/riscos-do-aborto\/\" \/>\n<meta property=\"og:locale\" content=\"pt_PT\" \/>\n<meta property=\"og:type\" content=\"article\" \/>\n<meta property=\"og:title\" content=\"Riscos do aborto - ProLife Europe\" \/>\n<meta property=\"og:description\" content=\"Dependendo do procedimento de aborto utilizado, existem v\u00e1rios potenciais riscos para a sa\u00fade da m\u00e3e.\" \/>\n<meta property=\"og:url\" content=\"https:\/\/prolifeeurope.org\/pt-pt\/informa-te\/riscos-do-aborto\/\" \/>\n<meta property=\"og:site_name\" content=\"ProLife Europe\" \/>\n<meta property=\"article:publisher\" content=\"https:\/\/www.facebook.com\/ProLifeEurope\/\" \/>\n<meta property=\"article:modified_time\" content=\"2025-03-26T15:46:46+00:00\" \/>\n<meta name=\"twitter:card\" content=\"summary_large_image\" \/>\n<script type=\"application\/ld+json\" class=\"yoast-schema-graph\">{\"@context\":\"https:\/\/schema.org\",\"@graph\":[{\"@type\":\"WebPage\",\"@id\":\"https:\/\/prolifeeurope.org\/pt-pt\/informa-te\/riscos-do-aborto\/\",\"url\":\"https:\/\/prolifeeurope.org\/pt-pt\/informa-te\/riscos-do-aborto\/\",\"name\":\"Riscos do aborto - ProLife Europe\",\"isPartOf\":{\"@id\":\"https:\/\/prolifeeurope.org\/pt-pt\/#website\"},\"datePublished\":\"2025-01-15T15:52:35+00:00\",\"dateModified\":\"2025-03-26T15:46:46+00:00\",\"description\":\"Dependendo do procedimento de aborto utilizado, existem v\u00e1rios potenciais riscos para a sa\u00fade da m\u00e3e.\",\"breadcrumb\":{\"@id\":\"https:\/\/prolifeeurope.org\/pt-pt\/informa-te\/riscos-do-aborto\/#breadcrumb\"},\"inLanguage\":\"pt-PT\",\"potentialAction\":[{\"@type\":\"ReadAction\",\"target\":[\"https:\/\/prolifeeurope.org\/pt-pt\/informa-te\/riscos-do-aborto\/\"]}]},{\"@type\":\"BreadcrumbList\",\"@id\":\"https:\/\/prolifeeurope.org\/pt-pt\/informa-te\/riscos-do-aborto\/#breadcrumb\",\"itemListElement\":[{\"@type\":\"ListItem\",\"position\":1,\"name\":\"Home\",\"item\":\"https:\/\/prolifeeurope.org\/pt-pt\/\"},{\"@type\":\"ListItem\",\"position\":2,\"name\":\"Informa-te\",\"item\":\"https:\/\/prolifeeurope.org\/pt-pt\/informa-te\/\"},{\"@type\":\"ListItem\",\"position\":3,\"name\":\"Riscos do aborto\"}]},{\"@type\":\"WebSite\",\"@id\":\"https:\/\/prolifeeurope.org\/pt-pt\/#website\",\"url\":\"https:\/\/prolifeeurope.org\/pt-pt\/\",\"name\":\"ProLife Europe\",\"description\":\"\",\"publisher\":{\"@id\":\"https:\/\/prolifeeurope.org\/pt-pt\/#organization\"},\"potentialAction\":[{\"@type\":\"SearchAction\",\"target\":{\"@type\":\"EntryPoint\",\"urlTemplate\":\"https:\/\/prolifeeurope.org\/pt-pt\/?s={search_term_string}\"},\"query-input\":{\"@type\":\"PropertyValueSpecification\",\"valueRequired\":true,\"valueName\":\"search_term_string\"}}],\"inLanguage\":\"pt-PT\"},{\"@type\":\"Organization\",\"@id\":\"https:\/\/prolifeeurope.org\/pt-pt\/#organization\",\"name\":\"ProLife Europe\",\"url\":\"https:\/\/prolifeeurope.org\/pt-pt\/\",\"logo\":{\"@type\":\"ImageObject\",\"inLanguage\":\"pt-PT\",\"@id\":\"https:\/\/prolifeeurope.org\/pt-pt\/#\/schema\/logo\/image\/\",\"url\":\"https:\/\/prolifeeurope.org\/wp-content\/uploads\/2024\/11\/logo-3.svg\",\"contentUrl\":\"https:\/\/prolifeeurope.org\/wp-content\/uploads\/2024\/11\/logo-3.svg\",\"width\":166,\"height\":170,\"caption\":\"ProLife Europe\"},\"image\":{\"@id\":\"https:\/\/prolifeeurope.org\/pt-pt\/#\/schema\/logo\/image\/\"},\"sameAs\":[\"https:\/\/www.facebook.com\/ProLifeEurope\/\",\"https:\/\/www.instagram.com\/prolife_europe\/\",\"https:\/\/www.youtube.com\/channel\/UC7olgmdiSVEHZUiP554XozA\"]}]}<\/script>\n<!-- \/ Yoast SEO plugin. -->","yoast_head_json":{"title":"Riscos do aborto - ProLife Europe","description":"Dependendo do procedimento de aborto utilizado, existem v\u00e1rios potenciais riscos para a sa\u00fade da m\u00e3e.","robots":{"index":"index","follow":"follow","max-snippet":"max-snippet:-1","max-image-preview":"max-image-preview:large","max-video-preview":"max-video-preview:-1"},"canonical":"https:\/\/prolifeeurope.org\/pt-pt\/informa-te\/riscos-do-aborto\/","og_locale":"pt_PT","og_type":"article","og_title":"Riscos do aborto - ProLife Europe","og_description":"Dependendo do procedimento de aborto utilizado, existem v\u00e1rios potenciais riscos para a sa\u00fade da m\u00e3e.","og_url":"https:\/\/prolifeeurope.org\/pt-pt\/informa-te\/riscos-do-aborto\/","og_site_name":"ProLife Europe","article_publisher":"https:\/\/www.facebook.com\/ProLifeEurope\/","article_modified_time":"2025-03-26T15:46:46+00:00","twitter_card":"summary_large_image","schema":{"@context":"https:\/\/schema.org","@graph":[{"@type":"WebPage","@id":"https:\/\/prolifeeurope.org\/pt-pt\/informa-te\/riscos-do-aborto\/","url":"https:\/\/prolifeeurope.org\/pt-pt\/informa-te\/riscos-do-aborto\/","name":"Riscos do aborto - ProLife Europe","isPartOf":{"@id":"https:\/\/prolifeeurope.org\/pt-pt\/#website"},"datePublished":"2025-01-15T15:52:35+00:00","dateModified":"2025-03-26T15:46:46+00:00","description":"Dependendo do procedimento de aborto utilizado, existem v\u00e1rios potenciais riscos para a sa\u00fade da m\u00e3e.","breadcrumb":{"@id":"https:\/\/prolifeeurope.org\/pt-pt\/informa-te\/riscos-do-aborto\/#breadcrumb"},"inLanguage":"pt-PT","potentialAction":[{"@type":"ReadAction","target":["https:\/\/prolifeeurope.org\/pt-pt\/informa-te\/riscos-do-aborto\/"]}]},{"@type":"BreadcrumbList","@id":"https:\/\/prolifeeurope.org\/pt-pt\/informa-te\/riscos-do-aborto\/#breadcrumb","itemListElement":[{"@type":"ListItem","position":1,"name":"Home","item":"https:\/\/prolifeeurope.org\/pt-pt\/"},{"@type":"ListItem","position":2,"name":"Informa-te","item":"https:\/\/prolifeeurope.org\/pt-pt\/informa-te\/"},{"@type":"ListItem","position":3,"name":"Riscos do aborto"}]},{"@type":"WebSite","@id":"https:\/\/prolifeeurope.org\/pt-pt\/#website","url":"https:\/\/prolifeeurope.org\/pt-pt\/","name":"ProLife Europe","description":"","publisher":{"@id":"https:\/\/prolifeeurope.org\/pt-pt\/#organization"},"potentialAction":[{"@type":"SearchAction","target":{"@type":"EntryPoint","urlTemplate":"https:\/\/prolifeeurope.org\/pt-pt\/?s={search_term_string}"},"query-input":{"@type":"PropertyValueSpecification","valueRequired":true,"valueName":"search_term_string"}}],"inLanguage":"pt-PT"},{"@type":"Organization","@id":"https:\/\/prolifeeurope.org\/pt-pt\/#organization","name":"ProLife Europe","url":"https:\/\/prolifeeurope.org\/pt-pt\/","logo":{"@type":"ImageObject","inLanguage":"pt-PT","@id":"https:\/\/prolifeeurope.org\/pt-pt\/#\/schema\/logo\/image\/","url":"https:\/\/prolifeeurope.org\/wp-content\/uploads\/2024\/11\/logo-3.svg","contentUrl":"https:\/\/prolifeeurope.org\/wp-content\/uploads\/2024\/11\/logo-3.svg","width":166,"height":170,"caption":"ProLife Europe"},"image":{"@id":"https:\/\/prolifeeurope.org\/pt-pt\/#\/schema\/logo\/image\/"},"sameAs":["https:\/\/www.facebook.com\/ProLifeEurope\/","https:\/\/www.instagram.com\/prolife_europe\/","https:\/\/www.youtube.com\/channel\/UC7olgmdiSVEHZUiP554XozA"]}]}},"_links":{"self":[{"href":"https:\/\/prolifeeurope.org\/pt-pt\/wp-json\/wp\/v2\/pages\/2653","targetHints":{"allow":["GET"]}}],"collection":[{"href":"https:\/\/prolifeeurope.org\/pt-pt\/wp-json\/wp\/v2\/pages"}],"about":[{"href":"https:\/\/prolifeeurope.org\/pt-pt\/wp-json\/wp\/v2\/types\/page"}],"author":[{"embeddable":true,"href":"https:\/\/prolifeeurope.org\/pt-pt\/wp-json\/wp\/v2\/users\/14"}],"replies":[{"embeddable":true,"href":"https:\/\/prolifeeurope.org\/pt-pt\/wp-json\/wp\/v2\/comments?post=2653"}],"version-history":[{"count":2,"href":"https:\/\/prolifeeurope.org\/pt-pt\/wp-json\/wp\/v2\/pages\/2653\/revisions"}],"predecessor-version":[{"id":3428,"href":"https:\/\/prolifeeurope.org\/pt-pt\/wp-json\/wp\/v2\/pages\/2653\/revisions\/3428"}],"up":[{"embeddable":true,"href":"https:\/\/prolifeeurope.org\/pt-pt\/wp-json\/wp\/v2\/pages\/2808"}],"wp:attachment":[{"href":"https:\/\/prolifeeurope.org\/pt-pt\/wp-json\/wp\/v2\/media?parent=2653"}],"wp:term":[{"taxonomy":"topic","embeddable":true,"href":"https:\/\/prolifeeurope.org\/pt-pt\/wp-json\/wp\/v2\/topic?post=2653"}],"curies":[{"name":"wp","href":"https:\/\/api.w.org\/{rel}","templated":true}]}}

<p>Dependendo do método de aborto utilizado, existem diferentes potenciais riscos para a saúde da mãe:</p>

<ul class="wp-block-list">
<li>Sangramento intenso; em casos graves, hemorragia</li>



<li>Sepsia, se o aborto foi incompleto</li>



<li>Lesão do colo do útero, podendo levar a um aborto espontâneo em futura gravidez</li>



<li>Lesão do útero, podendo levar a um aborto espontâneo em futura gravidez</li>



<li>Rutura do útero, levando a uma hemorragia interna </li>
</ul>

<p>Foram realizados diversos estudos sobre a correlação entre o aborto e o risco de cancro da mama. O risco relativo de cancro da mama em mulheres após um aborto já é ligeiramente mais alto do que em mulheres que nunca realizaram um aborto, aumentando com cada subsequente aborto. </p>

<p class="has-small-font-size">* <a href="https://onlinelibrary.wiley.com/doi/abs/10.1002/ijc.22001" target="_blank" rel="noreferrer noopener">https://onlinelibrary.wiley.com/doi/abs/10.1002/ijc.22001</a></p>

<p>Dependendo do método de aborto utilizado, existem diferentes potenciais riscos para a saúde da mãe: Foram realizados diversos estudos sobre a correlação entre o aborto e o risco de cancro<a href="https://prolifeeurope.org/pt-pt/informa-te/riscos-do-aborto/">Continue reading <span class="sr-only">&#8220;Riscos do aborto&#8221;</span></a></p>

<!-- This site is optimized with the Yoast SEO plugin v27.2 - https://yoast.com/product/yoast-seo-wordpress/ -->
<title>Riscos do aborto - ProLife Europe</title>
<meta name="description" content="Dependendo do procedimento de aborto utilizado, existem vários potenciais riscos para a saúde da mãe." />
<meta name="robots" content="index, follow, max-snippet:-1, max-image-preview:large, max-video-preview:-1" />
<link rel="canonical" href="https://prolifeeurope.org/pt-pt/informa-te/riscos-do-aborto/" />
<meta property="og:locale" content="pt_PT" />
<meta property="og:type" content="article" />
<meta property="og:title" content="Riscos do aborto - ProLife Europe" />
<meta property="og:description" content="Dependendo do procedimento de aborto utilizado, existem vários potenciais riscos para a saúde da mãe." />
<meta property="og:url" content="https://prolifeeurope.org/pt-pt/informa-te/riscos-do-aborto/" />
<meta property="og:site_name" content="ProLife Europe" />
<meta property="article:publisher" content="https://www.facebook.com/ProLifeEurope/" />
<meta property="article:modified_time" content="2025-03-26T15:46:46+00:00" />
<meta name="twitter:card" content="summary_large_image" />
<script type="application/ld+json" class="yoast-schema-graph">{"@context":"https://schema.org","@graph":[{"@type":"WebPage","@id":"https://prolifeeurope.org/pt-pt/informa-te/riscos-do-aborto/","url":"https://prolifeeurope.org/pt-pt/informa-te/riscos-do-aborto/","name":"Riscos do aborto - ProLife Europe","isPartOf":{"@id":"https://prolifeeurope.org/pt-pt/#website"},"datePublished":"2025-01-15T15:52:35+00:00","dateModified":"2025-03-26T15:46:46+00:00","description":"Dependendo do procedimento de aborto utilizado, existem vários potenciais riscos para a saúde da mãe.","breadcrumb":{"@id":"https://prolifeeurope.org/pt-pt/informa-te/riscos-do-aborto/#breadcrumb"},"inLanguage":"pt-PT","potentialAction":[{"@type":"ReadAction","target":["https://prolifeeurope.org/pt-pt/informa-te/riscos-do-aborto/"]}]},{"@type":"BreadcrumbList","@id":"https://prolifeeurope.org/pt-pt/informa-te/riscos-do-aborto/#breadcrumb","itemListElement":[{"@type":"ListItem","position":1,"name":"Home","item":"https://prolifeeurope.org/pt-pt/"},{"@type":"ListItem","position":2,"name":"Informa-te","item":"https://prolifeeurope.org/pt-pt/informa-te/"},{"@type":"ListItem","position":3,"name":"Riscos do aborto"}]},{"@type":"WebSite","@id":"https://prolifeeurope.org/pt-pt/#website","url":"https://prolifeeurope.org/pt-pt/","name":"ProLife Europe","description":"","publisher":{"@id":"https://prolifeeurope.org/pt-pt/#organization"},"potentialAction":[{"@type":"SearchAction","target":{"@type":"EntryPoint","urlTemplate":"https://prolifeeurope.org/pt-pt/?s={search_term_string}"},"query-input":{"@type":"PropertyValueSpecification","valueRequired":true,"valueName":"search_term_string"}}],"inLanguage":"pt-PT"},{"@type":"Organization","@id":"https://prolifeeurope.org/pt-pt/#organization","name":"ProLife Europe","url":"https://prolifeeurope.org/pt-pt/","logo":{"@type":"ImageObject","inLanguage":"pt-PT","@id":"https://prolifeeurope.org/pt-pt/#/schema/logo/image/","url":"https://prolifeeurope.org/wp-content/uploads/2024/11/logo-3.svg","contentUrl":"https://prolifeeurope.org/wp-content/uploads/2024/11/logo-3.svg","width":166,"height":170,"caption":"ProLife Europe"},"image":{"@id":"https://prolifeeurope.org/pt-pt/#/schema/logo/image/"},"sameAs":["https://www.facebook.com/ProLifeEurope/","https://www.instagram.com/prolife_europe/","https://www.youtube.com/channel/UC7olgmdiSVEHZUiP554XozA"]}]}</script>
<!-- / Yoast SEO plugin. -->

Dependendo do procedimento de aborto utilizado, existem vários potenciais riscos para a saúde da mãe.
