{"id":2619,"date":"2025-01-09T10:31:43","date_gmt":"2025-01-09T09:31:43","guid":{"rendered":"https:\/\/ws-staging.prolifeeurope.org\/desenvolvimento-pre-natal\/"},"modified":"2025-03-26T16:33:44","modified_gmt":"2025-03-26T15:33:44","slug":"desenvolvimento-pre-natal","status":"publish","type":"page","link":"https:\/\/prolifeeurope.org\/pt-pt\/informa-te\/desenvolvimento-pre-natal\/","title":{"rendered":"Desenvolvimento pr\u00e9-natal"},"content":{"rendered":"\n<figure class=\"wp-block-embed is-type-video is-provider-youtube wp-block-embed-youtube wp-embed-aspect-16-9 wp-has-aspect-ratio\"><div class=\"wp-block-embed__wrapper\">\n<iframe loading=\"lazy\" title=\"A Never Before Seen Look At Human Life In The Womb | Baby Olivia\" width=\"500\" height=\"281\" src=\"https:\/\/www.youtube.com\/embed\/S-lQOooYAs8?feature=oembed\" frameborder=\"0\" allow=\"accelerometer; autoplay; clipboard-write; encrypted-media; gyroscope; picture-in-picture; web-share\" referrerpolicy=\"strict-origin-when-cross-origin\" allowfullscreen><\/iframe>\n<\/div><\/figure>\n\n<p><\/p>\n\n<h3 class=\"wp-block-heading\"><strong>Marcos importantes no desenvolvimento pr\u00e9-natal:<\/strong><\/h3>\n\n<p><strong>22\u00ba dia*:<\/strong> O cora\u00e7\u00e3o do beb\u00e9 come\u00e7a a bater a 110 batimentos por minuto.<br\/><strong>4\u00aa semana:<\/strong> Os bra\u00e7os e as pernas come\u00e7am a formar-se. As c\u00e9lulas sangu\u00edneas ganham forma. O batimento card\u00edaco j\u00e1 pode ser detetado atrav\u00e9s da ecocardiografia.  <br\/><strong>6\u00aa semana:<\/strong> Todos os \u00f3rg\u00e3os principais est\u00e3o a desenvolver-se. A atividade cerebral pode ser detetada. <br\/><strong>8\u00aa semana:<\/strong> Os bra\u00e7os, m\u00e3os, dedos, p\u00e9s e dedos dos p\u00e9s do beb\u00e9 est\u00e3o totalmente formados, enquanto as unhas das m\u00e3os e dos p\u00e9s come\u00e7am a desenvolver-se.<br\/><strong>10\u00aa semana:<\/strong> Todos os \u00f3rg\u00e3os est\u00e3o formados e v\u00e3o continuar a desenvolver-se.<br\/><strong>14\u00aa semana:<\/strong> A m\u00e3e come\u00e7a a sentir os movimentos fetais.<br\/><strong>21\u00aa semana:<\/strong> A crian\u00e7a pode agora sobreviver fora do \u00fatero (com ajuda m\u00e9dica).<\/p>\n\n<p><\/p>\n\n<p class=\"has-small-font-size\">* Todas as medi\u00e7\u00f5es de tempo come\u00e7am na conce\u00e7\u00e3o.<\/p>\n","protected":false},"excerpt":{"rendered":"<p>Marcos importantes no desenvolvimento pr\u00e9-natal: 22\u00ba dia*: O cora\u00e7\u00e3o do beb\u00e9 come\u00e7a a bater a 110 batimentos por minuto.4\u00aa semana: Os bra\u00e7os e as pernas come\u00e7am a formar-se. As c\u00e9lulas<a href=\"https:\/\/prolifeeurope.org\/pt-pt\/informa-te\/desenvolvimento-pre-natal\/\">Continue reading <span class=\"sr-only\">&#8220;Desenvolvimento pr\u00e9-natal&#8221;<\/span><\/a><\/p>\n","protected":false},"author":14,"featured_media":0,"parent":2808,"menu_order":0,"comment_status":"closed","ping_status":"closed","template":"page-topic.php","meta":{"_acf_changed":false,"_monsterinsights_skip_tracking":false,"_monsterinsights_sitenote_active":false,"_monsterinsights_sitenote_note":"","_monsterinsights_sitenote_category":0,"footnotes":""},"topic":[],"class_list":["post-2619","page","type-page","status-publish","hentry"],"acf":[],"yoast_head":"<!-- This site is optimized with the Yoast SEO plugin v27.2 - https:\/\/yoast.com\/product\/yoast-seo-wordpress\/ -->\n<title>Desenvolvimento pr\u00e9-natal - ProLife Europe<\/title>\n<meta name=\"description\" content=\"O filho n\u00e3o-nascido \u00e9 humano desde o in\u00edcio e passa por marcos fascinantes no seu desenvolvimento.\" \/>\n<meta name=\"robots\" content=\"index, follow, max-snippet:-1, max-image-preview:large, max-video-preview:-1\" \/>\n<link rel=\"canonical\" href=\"https:\/\/prolifeeurope.org\/pt-pt\/informa-te\/desenvolvimento-pre-natal\/\" \/>\n<meta property=\"og:locale\" content=\"pt_PT\" \/>\n<meta property=\"og:type\" content=\"article\" \/>\n<meta property=\"og:title\" content=\"Desenvolvimento pr\u00e9-natal - ProLife Europe\" \/>\n<meta property=\"og:description\" content=\"O filho n\u00e3o-nascido \u00e9 humano desde o in\u00edcio e passa por marcos fascinantes no seu desenvolvimento.\" \/>\n<meta property=\"og:url\" content=\"https:\/\/prolifeeurope.org\/pt-pt\/informa-te\/desenvolvimento-pre-natal\/\" \/>\n<meta property=\"og:site_name\" content=\"ProLife Europe\" \/>\n<meta property=\"article:publisher\" content=\"https:\/\/www.facebook.com\/ProLifeEurope\/\" \/>\n<meta property=\"article:modified_time\" content=\"2025-03-26T15:33:44+00:00\" \/>\n<meta name=\"twitter:card\" content=\"summary_large_image\" \/>\n<script type=\"application\/ld+json\" class=\"yoast-schema-graph\">{\"@context\":\"https:\/\/schema.org\",\"@graph\":[{\"@type\":\"WebPage\",\"@id\":\"https:\/\/prolifeeurope.org\/pt-pt\/informa-te\/desenvolvimento-pre-natal\/\",\"url\":\"https:\/\/prolifeeurope.org\/pt-pt\/informa-te\/desenvolvimento-pre-natal\/\",\"name\":\"Desenvolvimento pr\u00e9-natal - ProLife Europe\",\"isPartOf\":{\"@id\":\"https:\/\/prolifeeurope.org\/pt-pt\/#website\"},\"datePublished\":\"2025-01-09T09:31:43+00:00\",\"dateModified\":\"2025-03-26T15:33:44+00:00\",\"description\":\"O filho n\u00e3o-nascido \u00e9 humano desde o in\u00edcio e passa por marcos fascinantes no seu desenvolvimento.\",\"breadcrumb\":{\"@id\":\"https:\/\/prolifeeurope.org\/pt-pt\/informa-te\/desenvolvimento-pre-natal\/#breadcrumb\"},\"inLanguage\":\"pt-PT\",\"potentialAction\":[{\"@type\":\"ReadAction\",\"target\":[\"https:\/\/prolifeeurope.org\/pt-pt\/informa-te\/desenvolvimento-pre-natal\/\"]}]},{\"@type\":\"BreadcrumbList\",\"@id\":\"https:\/\/prolifeeurope.org\/pt-pt\/informa-te\/desenvolvimento-pre-natal\/#breadcrumb\",\"itemListElement\":[{\"@type\":\"ListItem\",\"position\":1,\"name\":\"Home\",\"item\":\"https:\/\/prolifeeurope.org\/pt-pt\/\"},{\"@type\":\"ListItem\",\"position\":2,\"name\":\"Informa-te\",\"item\":\"https:\/\/prolifeeurope.org\/pt-pt\/informa-te\/\"},{\"@type\":\"ListItem\",\"position\":3,\"name\":\"Desenvolvimento pr\u00e9-natal\"}]},{\"@type\":\"WebSite\",\"@id\":\"https:\/\/prolifeeurope.org\/pt-pt\/#website\",\"url\":\"https:\/\/prolifeeurope.org\/pt-pt\/\",\"name\":\"ProLife Europe\",\"description\":\"\",\"publisher\":{\"@id\":\"https:\/\/prolifeeurope.org\/pt-pt\/#organization\"},\"potentialAction\":[{\"@type\":\"SearchAction\",\"target\":{\"@type\":\"EntryPoint\",\"urlTemplate\":\"https:\/\/prolifeeurope.org\/pt-pt\/?s={search_term_string}\"},\"query-input\":{\"@type\":\"PropertyValueSpecification\",\"valueRequired\":true,\"valueName\":\"search_term_string\"}}],\"inLanguage\":\"pt-PT\"},{\"@type\":\"Organization\",\"@id\":\"https:\/\/prolifeeurope.org\/pt-pt\/#organization\",\"name\":\"ProLife Europe\",\"url\":\"https:\/\/prolifeeurope.org\/pt-pt\/\",\"logo\":{\"@type\":\"ImageObject\",\"inLanguage\":\"pt-PT\",\"@id\":\"https:\/\/prolifeeurope.org\/pt-pt\/#\/schema\/logo\/image\/\",\"url\":\"https:\/\/prolifeeurope.org\/wp-content\/uploads\/2024\/11\/logo-3.svg\",\"contentUrl\":\"https:\/\/prolifeeurope.org\/wp-content\/uploads\/2024\/11\/logo-3.svg\",\"width\":166,\"height\":170,\"caption\":\"ProLife Europe\"},\"image\":{\"@id\":\"https:\/\/prolifeeurope.org\/pt-pt\/#\/schema\/logo\/image\/\"},\"sameAs\":[\"https:\/\/www.facebook.com\/ProLifeEurope\/\",\"https:\/\/www.instagram.com\/prolife_europe\/\",\"https:\/\/www.youtube.com\/channel\/UC7olgmdiSVEHZUiP554XozA\"]}]}<\/script>\n<!-- \/ Yoast SEO plugin. -->","yoast_head_json":{"title":"Desenvolvimento pr\u00e9-natal - ProLife Europe","description":"O filho n\u00e3o-nascido \u00e9 humano desde o in\u00edcio e passa por marcos fascinantes no seu desenvolvimento.","robots":{"index":"index","follow":"follow","max-snippet":"max-snippet:-1","max-image-preview":"max-image-preview:large","max-video-preview":"max-video-preview:-1"},"canonical":"https:\/\/prolifeeurope.org\/pt-pt\/informa-te\/desenvolvimento-pre-natal\/","og_locale":"pt_PT","og_type":"article","og_title":"Desenvolvimento pr\u00e9-natal - ProLife Europe","og_description":"O filho n\u00e3o-nascido \u00e9 humano desde o in\u00edcio e passa por marcos fascinantes no seu desenvolvimento.","og_url":"https:\/\/prolifeeurope.org\/pt-pt\/informa-te\/desenvolvimento-pre-natal\/","og_site_name":"ProLife Europe","article_publisher":"https:\/\/www.facebook.com\/ProLifeEurope\/","article_modified_time":"2025-03-26T15:33:44+00:00","twitter_card":"summary_large_image","schema":{"@context":"https:\/\/schema.org","@graph":[{"@type":"WebPage","@id":"https:\/\/prolifeeurope.org\/pt-pt\/informa-te\/desenvolvimento-pre-natal\/","url":"https:\/\/prolifeeurope.org\/pt-pt\/informa-te\/desenvolvimento-pre-natal\/","name":"Desenvolvimento pr\u00e9-natal - ProLife Europe","isPartOf":{"@id":"https:\/\/prolifeeurope.org\/pt-pt\/#website"},"datePublished":"2025-01-09T09:31:43+00:00","dateModified":"2025-03-26T15:33:44+00:00","description":"O filho n\u00e3o-nascido \u00e9 humano desde o in\u00edcio e passa por marcos fascinantes no seu desenvolvimento.","breadcrumb":{"@id":"https:\/\/prolifeeurope.org\/pt-pt\/informa-te\/desenvolvimento-pre-natal\/#breadcrumb"},"inLanguage":"pt-PT","potentialAction":[{"@type":"ReadAction","target":["https:\/\/prolifeeurope.org\/pt-pt\/informa-te\/desenvolvimento-pre-natal\/"]}]},{"@type":"BreadcrumbList","@id":"https:\/\/prolifeeurope.org\/pt-pt\/informa-te\/desenvolvimento-pre-natal\/#breadcrumb","itemListElement":[{"@type":"ListItem","position":1,"name":"Home","item":"https:\/\/prolifeeurope.org\/pt-pt\/"},{"@type":"ListItem","position":2,"name":"Informa-te","item":"https:\/\/prolifeeurope.org\/pt-pt\/informa-te\/"},{"@type":"ListItem","position":3,"name":"Desenvolvimento pr\u00e9-natal"}]},{"@type":"WebSite","@id":"https:\/\/prolifeeurope.org\/pt-pt\/#website","url":"https:\/\/prolifeeurope.org\/pt-pt\/","name":"ProLife Europe","description":"","publisher":{"@id":"https:\/\/prolifeeurope.org\/pt-pt\/#organization"},"potentialAction":[{"@type":"SearchAction","target":{"@type":"EntryPoint","urlTemplate":"https:\/\/prolifeeurope.org\/pt-pt\/?s={search_term_string}"},"query-input":{"@type":"PropertyValueSpecification","valueRequired":true,"valueName":"search_term_string"}}],"inLanguage":"pt-PT"},{"@type":"Organization","@id":"https:\/\/prolifeeurope.org\/pt-pt\/#organization","name":"ProLife Europe","url":"https:\/\/prolifeeurope.org\/pt-pt\/","logo":{"@type":"ImageObject","inLanguage":"pt-PT","@id":"https:\/\/prolifeeurope.org\/pt-pt\/#\/schema\/logo\/image\/","url":"https:\/\/prolifeeurope.org\/wp-content\/uploads\/2024\/11\/logo-3.svg","contentUrl":"https:\/\/prolifeeurope.org\/wp-content\/uploads\/2024\/11\/logo-3.svg","width":166,"height":170,"caption":"ProLife Europe"},"image":{"@id":"https:\/\/prolifeeurope.org\/pt-pt\/#\/schema\/logo\/image\/"},"sameAs":["https:\/\/www.facebook.com\/ProLifeEurope\/","https:\/\/www.instagram.com\/prolife_europe\/","https:\/\/www.youtube.com\/channel\/UC7olgmdiSVEHZUiP554XozA"]}]}},"_links":{"self":[{"href":"https:\/\/prolifeeurope.org\/pt-pt\/wp-json\/wp\/v2\/pages\/2619","targetHints":{"allow":["GET"]}}],"collection":[{"href":"https:\/\/prolifeeurope.org\/pt-pt\/wp-json\/wp\/v2\/pages"}],"about":[{"href":"https:\/\/prolifeeurope.org\/pt-pt\/wp-json\/wp\/v2\/types\/page"}],"author":[{"embeddable":true,"href":"https:\/\/prolifeeurope.org\/pt-pt\/wp-json\/wp\/v2\/users\/14"}],"replies":[{"embeddable":true,"href":"https:\/\/prolifeeurope.org\/pt-pt\/wp-json\/wp\/v2\/comments?post=2619"}],"version-history":[{"count":2,"href":"https:\/\/prolifeeurope.org\/pt-pt\/wp-json\/wp\/v2\/pages\/2619\/revisions"}],"predecessor-version":[{"id":3426,"href":"https:\/\/prolifeeurope.org\/pt-pt\/wp-json\/wp\/v2\/pages\/2619\/revisions\/3426"}],"up":[{"embeddable":true,"href":"https:\/\/prolifeeurope.org\/pt-pt\/wp-json\/wp\/v2\/pages\/2808"}],"wp:attachment":[{"href":"https:\/\/prolifeeurope.org\/pt-pt\/wp-json\/wp\/v2\/media?parent=2619"}],"wp:term":[{"taxonomy":"topic","embeddable":true,"href":"https:\/\/prolifeeurope.org\/pt-pt\/wp-json\/wp\/v2\/topic?post=2619"}],"curies":[{"name":"wp","href":"https:\/\/api.w.org\/{rel}","templated":true}]}}

Desenvolvimento pré-natal

<figure class="wp-block-embed is-type-video is-provider-youtube wp-block-embed-youtube wp-embed-aspect-16-9 wp-has-aspect-ratio"><div class="wp-block-embed__wrapper">
<iframe loading="lazy" title="A Never Before Seen Look At Human Life In The Womb | Baby Olivia" width="500" height="281" src="https://www.youtube.com/embed/S-lQOooYAs8?feature=oembed" frameborder="0" allow="accelerometer; autoplay; clipboard-write; encrypted-media; gyroscope; picture-in-picture; web-share" referrerpolicy="strict-origin-when-cross-origin" allowfullscreen></iframe>
</div></figure>

<p></p>

<h3 class="wp-block-heading"><strong>Marcos importantes no desenvolvimento pré-natal:</strong></h3>

<p><strong>22º dia*:</strong> O coração do bebé começa a bater a 110 batimentos por minuto.<br/><strong>4ª semana:</strong> Os braços e as pernas começam a formar-se. As células sanguíneas ganham forma. O batimento cardíaco já pode ser detetado através da ecocardiografia.  <br/><strong>6ª semana:</strong> Todos os órgãos principais estão a desenvolver-se. A atividade cerebral pode ser detetada. <br/><strong>8ª semana:</strong> Os braços, mãos, dedos, pés e dedos dos pés do bebé estão totalmente formados, enquanto as unhas das mãos e dos pés começam a desenvolver-se.<br/><strong>10ª semana:</strong> Todos os órgãos estão formados e vão continuar a desenvolver-se.<br/><strong>14ª semana:</strong> A mãe começa a sentir os movimentos fetais.<br/><strong>21ª semana:</strong> A criança pode agora sobreviver fora do útero (com ajuda médica).</p>

<p></p>

<p class="has-small-font-size">* Todas as medições de tempo começam na conceção.</p>

<p>Marcos importantes no desenvolvimento pré-natal: 22º dia*: O coração do bebé começa a bater a 110 batimentos por minuto.4ª semana: Os braços e as pernas começam a formar-se. As células<a href="https://prolifeeurope.org/pt-pt/informa-te/desenvolvimento-pre-natal/">Continue reading <span class="sr-only">&#8220;Desenvolvimento pré-natal&#8221;</span></a></p>

<!-- This site is optimized with the Yoast SEO plugin v27.2 - https://yoast.com/product/yoast-seo-wordpress/ -->
<title>Desenvolvimento pré-natal - ProLife Europe</title>
<meta name="description" content="O filho não-nascido é humano desde o início e passa por marcos fascinantes no seu desenvolvimento." />
<meta name="robots" content="index, follow, max-snippet:-1, max-image-preview:large, max-video-preview:-1" />
<link rel="canonical" href="https://prolifeeurope.org/pt-pt/informa-te/desenvolvimento-pre-natal/" />
<meta property="og:locale" content="pt_PT" />
<meta property="og:type" content="article" />
<meta property="og:title" content="Desenvolvimento pré-natal - ProLife Europe" />
<meta property="og:description" content="O filho não-nascido é humano desde o início e passa por marcos fascinantes no seu desenvolvimento." />
<meta property="og:url" content="https://prolifeeurope.org/pt-pt/informa-te/desenvolvimento-pre-natal/" />
<meta property="og:site_name" content="ProLife Europe" />
<meta property="article:publisher" content="https://www.facebook.com/ProLifeEurope/" />
<meta property="article:modified_time" content="2025-03-26T15:33:44+00:00" />
<meta name="twitter:card" content="summary_large_image" />
<script type="application/ld+json" class="yoast-schema-graph">{"@context":"https://schema.org","@graph":[{"@type":"WebPage","@id":"https://prolifeeurope.org/pt-pt/informa-te/desenvolvimento-pre-natal/","url":"https://prolifeeurope.org/pt-pt/informa-te/desenvolvimento-pre-natal/","name":"Desenvolvimento pré-natal - ProLife Europe","isPartOf":{"@id":"https://prolifeeurope.org/pt-pt/#website"},"datePublished":"2025-01-09T09:31:43+00:00","dateModified":"2025-03-26T15:33:44+00:00","description":"O filho não-nascido é humano desde o início e passa por marcos fascinantes no seu desenvolvimento.","breadcrumb":{"@id":"https://prolifeeurope.org/pt-pt/informa-te/desenvolvimento-pre-natal/#breadcrumb"},"inLanguage":"pt-PT","potentialAction":[{"@type":"ReadAction","target":["https://prolifeeurope.org/pt-pt/informa-te/desenvolvimento-pre-natal/"]}]},{"@type":"BreadcrumbList","@id":"https://prolifeeurope.org/pt-pt/informa-te/desenvolvimento-pre-natal/#breadcrumb","itemListElement":[{"@type":"ListItem","position":1,"name":"Home","item":"https://prolifeeurope.org/pt-pt/"},{"@type":"ListItem","position":2,"name":"Informa-te","item":"https://prolifeeurope.org/pt-pt/informa-te/"},{"@type":"ListItem","position":3,"name":"Desenvolvimento pré-natal"}]},{"@type":"WebSite","@id":"https://prolifeeurope.org/pt-pt/#website","url":"https://prolifeeurope.org/pt-pt/","name":"ProLife Europe","description":"","publisher":{"@id":"https://prolifeeurope.org/pt-pt/#organization"},"potentialAction":[{"@type":"SearchAction","target":{"@type":"EntryPoint","urlTemplate":"https://prolifeeurope.org/pt-pt/?s={search_term_string}"},"query-input":{"@type":"PropertyValueSpecification","valueRequired":true,"valueName":"search_term_string"}}],"inLanguage":"pt-PT"},{"@type":"Organization","@id":"https://prolifeeurope.org/pt-pt/#organization","name":"ProLife Europe","url":"https://prolifeeurope.org/pt-pt/","logo":{"@type":"ImageObject","inLanguage":"pt-PT","@id":"https://prolifeeurope.org/pt-pt/#/schema/logo/image/","url":"https://prolifeeurope.org/wp-content/uploads/2024/11/logo-3.svg","contentUrl":"https://prolifeeurope.org/wp-content/uploads/2024/11/logo-3.svg","width":166,"height":170,"caption":"ProLife Europe"},"image":{"@id":"https://prolifeeurope.org/pt-pt/#/schema/logo/image/"},"sameAs":["https://www.facebook.com/ProLifeEurope/","https://www.instagram.com/prolife_europe/","https://www.youtube.com/channel/UC7olgmdiSVEHZUiP554XozA"]}]}</script>
<!-- / Yoast SEO plugin. -->

Desenvolvimento pré-natal - ProLife Europe

O filho não-nascido é humano desde o início e passa por marcos fascinantes no seu desenvolvimento.
